 of 1680300.
2, 3, 5, 1867
List the prime factors of 222785.
5, 17, 2621
What are the prime factors of 335641?
335641
What are the prime factors of 5146836?
2, 3, 439, 977
What are the prime factors of 54908?
2, 7, 37, 53
List the prime factors of 24111339.
3, 7, 337, 3407
What are the prime factors of 8334409?
53, 157253
What are the prime factors of 220653?
3, 24517
List the prime factors of 2866760.
2, 5, 13, 37, 149
List the prime factors of 672201.
3, 19, 3931
List the prime factors of 11883969.
3, 17, 1523
List the prime factors of 590767.
17, 19, 31, 59
What are the prime factors of 827085?
3, 5, 7, 7877
List the prime factors of 6849023.
239, 28657
What are the prime factors of 349446?
2, 3, 139, 419
List the prime factors of 16535234.
2, 829, 9973
What are the prime factors of 13487020?
2, 5, 571, 1181
What are the prime factors of 331310?
2, 5, 7, 4733
List the prime factors of 3590401.
163, 22027
What are the prime factors of 1866423?
3, 13, 47857
What are the prime factors of 174183?
3, 58061
List the prime factors of 1018269.
3, 7, 2309
List the prime factors of 385359.
3, 13, 41, 241
List the prime factors of 334201.
7, 47743
List the prime factors of 4909808.
2, 47, 6529
List the prime factors of 21841590.
2, 3, 5, 467, 1559
What are the prime factors of 17851725?
3, 5, 53, 499
What are the prime factors of 1127588?
2, 7, 11, 523
What are the prime factors of 12545537?
1321, 9497
List the prime factors of 190730.
2, 5, 19073
What are the prime factors of 5606266?
2, 61, 45953
List the prime factors of 3412263.
3, 31, 36691
What are the prime factors of 1730689?
139, 12451
List the prime factors of 336214.
2, 23, 7309
List the prime factors of 294226.
2, 131, 1123
List the prime factors of 396385.
5, 11, 7207
What are the prime factors of 41356606?
2, 2851, 7253
List the prime factors of 205628.
2, 51407
List the prime factors of 4547284.
2, 7, 23, 307
List the prime factors of 13057200.
2, 3, 5, 13, 31
List the prime factors of 790340.
2, 5, 43, 919
List the prime factors of 3339309.
3, 1113103
List the prime factors of 6420019.
587, 10937
What are the prime factors of 167757?
3, 199, 281
What are the prime factors of 16594302?
2, 3, 43, 64319
List the prime factors of 404693.
404693
List the prime factors of 99103.
99103
What are the prime factors of 2409824?
2, 75307
What are the prime factors of 6017075?
5, 101, 2383
What are the prime factors of 13583582?
2, 53, 128147
What are the prime factors of 10413869?
43, 199, 1217
What are the prime factors of 6260743?
17, 368279
List the prime factors of 76315.
5, 15263
What are the prime factors of 1920355?
5, 433, 887
List the prime factors of 2340453.
3, 73, 10687
List the prime factors of 821176.
2, 102647
What are the prime factors of 404567?
19, 107, 199
What are the prime factors of 640526?
2, 17, 18839
What are the prime factors of 1205266?
2, 17, 35449
List the prime factors of 288363.
3, 19, 5059
List the prime factors of 1402968.
2, 3, 7, 1193
List the prime factors of 77696.
2, 607
List the prime factors of 14326104.
2, 3, 13, 17, 37, 73
List the prime factors of 841684.
2, 210421
What are the prime factors of 527567?
43, 12269
What are the prime factors of 48785?
5, 11, 887
List the prime factors of 1558045.
5, 311609
List the prime factors of 515752.
2, 23, 2803
What are the prime factors of 761690?
2, 5, 59, 1291
What are the prime factors of 3373561?
59, 57179
What are the prime factors of 46511?
46511
What are the prime factors of 3448448?
2, 29, 929
What are the prime factors of 2632577?
61, 103, 419
List the prime factors of 690533.
690533
List the prime factors of 655227.
3, 47, 1549
What are the prime factors of 19231897?
37, 61, 8521
List the prime factors of 885283.
7, 29, 89
List the prime factors of 353822.
2, 7, 127, 199
List the prime factors of 69643.
7, 9949
What are the prime factors of 107749?
19, 53, 107
What are the prime factors of 306615?
3, 5, 20441
What are the prime factors of 12366758?
2, 19, 503, 647
What are the prime factors of 223889?
241, 929
What are the prime factors of 3808184?
2, 476023
What are the prime factors of 192281?
59, 3259
What are the prime factors of 235824?
2, 3, 17
List the prime factors of 12030747.
3, 17, 419, 563
What are the prime factors of 1261567?
1261567
List the prime factors of 2766543.
3, 13, 70937
What are the prime factors of 2809368?
2, 3, 39019
What are the prime factors of 3418?
2, 1709
What are the prime factors of 708764?
2, 7, 17, 1489
List the prime factors of 19538145.
3, 5, 11, 59, 223
List the prime factors of 4408928.
2, 29, 4751
List the prime factors of 183949.
183949
What are the prime factors of 452352?
2, 3, 19, 31
List the prime factors of 44072.
2, 7, 787
What are the prime factors of 4207194?
2, 3, 17, 4583
What are the prime factors of 1973776?
2, 7, 17623
List the prime factors of 123243.
3, 41081
What are the prime factors of 1217346?
2, 3, 13, 15607
List the prime factors of 25921.
7, 23
List the prime factors of 104428.
2, 26107
What are the prime factors of 496032?
2, 3, 5167
List the prime factors of 16901884.
2, 379, 11149
List the prime factors of 923229.
3, 19, 5399
List the prime factors of 5719956.
2, 3, 11, 17, 2549
List the prime factors of 157444.
2, 7, 5623
List the prime factors of 200165.
5, 7, 19, 43
What are the prime factors of 1214083?
13, 61, 1531
What are the prime factors of 448425?
3, 5, 1993
List the prime factors of 8020051.
13, 41, 367
List the prime factors of 108441.
3, 12049
What are the prime factors of 31614591?
3, 757, 13921
What are the prime factors of 6808602?
2, 3, 17, 66751
What are the prime factors of 14064501?
3, 11, 426197
What are the prime factors of 3696131?
3696131
What are the prime factors of 7335602?
2, 17, 215753
List the prime factors of 140080.
2, 5, 17, 103
List the prime factors of 1333063.
83, 16061
What are the prime factors of 372201?
3, 124067
What are the prime factors of 6183003?
3, 29, 71069
List the prime factors of 19990796.
2, 7, 713957
What are the prime factors of 517337?
517337
List the prime factors of 1544352.
2, 3, 16087
List the prime factors of 3638870.
2, 5, 363887
List the prime factors of 6626433.
3, 11, 113, 1777
List the prime factors of 1255777.
23, 71, 769
List the prime factors of 33373.
23, 1451
What are the prime factors of 7882692?
2, 3, 656891
What are the prime factors of 15785207?
15785207
What are the prime factors of 238618?
2, 229, 521
List the prime factors of 936996.
2, 3, 113, 691
List the prime factors of 3183442.
2, 1591721
What are the prime factors of 156672?
2, 3, 17
List the prime factors of 1329608.
2, 7, 23743
List the prime factors of 2101048.
2, 181, 1451
List the prime factors of 503267.
503267
What are the prime factors of 4180573?
193, 21661
What are the prime factors of 308654?
2, 37, 43, 97
List the prime factors of 260514.
2, 3, 41, 353
What are the prime factors of 15511070?
2, 5, 1551107
List the prime factors of 2994026.
2, 7, 213859
What are the prime factors of 15499743?
3, 7, 738083
What are the prime factors of 40302?
2, 3, 2239
List the prime factors of 34081478.
2, 19, 113, 7937
List the prime factors of 655075.
5, 26203
List the prime factors of 711385.
5, 73, 1949
What are the prime factors of 52346?
2, 7, 3739
List the prime factors of 135982.
2, 7, 11, 883
What are the prime factors of 281361?
3, 93787
List the prime factors of 321455.
5, 239, 269
List the prime factors of 4879684.
2, 991, 1231
What are the prime factors of 196367?
17, 11551
List the prime factors of 9492959.
7, 83, 16339
What are the prime factors of 19437986?
2, 9718993
List the prime factors of 86347.
79, 1093
What are the prime factors of 98900?
2, 5, 23, 43
What are the prime factors of 27140153?
27140153
What are the prime factors of 3363914?
2, 1681957
What are the prime factors of 6309905?
5, 7, 139, 1297
List the prime factors of 8690520.
2, 3, 5, 72421
List the prime factors of 64497.
3, 21499
List the prime factors of 6064162.
2, 13, 179, 1303
What are the prime factors of 9020567?
9020567
What are the prime factors of 797617?
23, 34679
What are the prime factors of 176531?
176531
List the prime factors of 546898.
2, 11, 24859
What are the prime factors of 18493963?
59, 331, 947
List the